number?
False
Is 11872139299 prime?
True
Is 679769899 a composite number?
True
Is 75116419607 a prime number?
False
Is 11497771273 a composite number?
False
Is 501082560673 composite?
False
Is 265614457 a composite number?
False
Is 6583734733 a composite number?
False
Is 214008593 a composite number?
True
Is 23961959873 a composite number?
False
Is 5194490537 a composite number?
False
Is 8810723887 a composite number?
True
Is 61866042451 a composite number?
False
Is 11229226361 a prime number?
True
Is 9985890463 a composite number?
True
Is 920123951 prime?
True
Is 3403770177 composite?
True
Is 3574187611 a prime number?
True
Is 2775216053 prime?
True
Is 124390403 prime?
True
Is 32442859114 a prime number?
False
Is 12801673751 prime?
False
Is 4392855671 a prime number?
False
Is 215658779551 composite?
True
Is 2811220033 prime?
False
Is 11764469779 a prime number?
False
Is 11932317611 prime?
False
Is 925068311 a prime number?
False
Is 703280471 a prime number?
False
Is 179086457177 composite?
True
Is 222910463 composite?
False
Is 1686484663 a prime number?
False
Is 15318663281 a composite number?
True
Is 85308037561 prime?
False
Is 1332132877 prime?
True
Is 461571293 composite?
True
Is 27441580603 a composite number?
False
Is 10549735466 a composite number?
True
Is 836135393 composite?
True
Is 189068891 prime?
False
Is 1040415031 prime?
True
Is 11044962211 a prime number?
False
Is 13121395381 composite?
False
Is 2003445343 prime?
False
Is 250232009 a composite number?
False
Is 3560525149 prime?
True
Is 27673208987 a composite number?
False
Is 818270353 prime?
True
Is 301260983 a prime number?
True
Is 910911227 prime?
False
Is 3029376899 prime?
True
Is 18570485233 a composite number?
True
Is 63036491191 composite?
False
Is 245104481 a prime number?
False
Is 1151134853 a prime number?
False
Is 78383477 prime?
True
Is 2694689719 prime?
False
Is 2795286497 prime?
True
Is 249715093 prime?
True
Is 1569103343 composite?
False
Is 15397328521 prime?
True
Is 2184631777 prime?
True
Is 49363035797 composite?
False
Is 19181059049 a prime number?
False
Is 18937772939 composite?
False
Is 295701011 a composite number?
False
Is 3436930831 composite?
True
Is 3241475431 prime?
True
Is 15149066005 a composite number?
True
Is 396962453 a composite number?
True
Is 4866346403 a composite number?
True
Is 15430025459 a composite number?
False
Is 33834719 a composite number?
True
Is 779083559 a prime number?
False
Is 835225177 a prime number?
True
Is 28222045433 a composite number?
False
Is 5364485317 a composite number?
False
Is 154459640431 a composite number?
True
Is 15491922917 composite?
True
Is 409011049 prime?
False
Is 164494199 a composite number?
False
Is 239952318299 composite?
False
Is 841684643 a composite number?
False
Is 5972400253 a prime number?
True
Is 14655202943 a prime number?
True
Is 5736006883 a composite number?
True
Is 2100936293 a prime number?
True
Is 14874288379 a composite number?
False
Is 713813851 a prime number?
True
Is 167874359 a prime number?
False
Is 6873009677 composite?
True
Is 1690565777 a prime number?
True
Is 226149409 composite?
True
Is 22601634347 a prime number?
True
Is 179885357 prime?
False
Is 592341089 a prime number?
False
Is 395973559 composite?
False
Is 473145283 prime?
False
Is 6294253727 prime?
False
Is 1432706321 prime?
False
Is 1309039931 a composite number?
True
Is 5252694641 a prime number?
False
Is 3536075441 a prime number?
True
Is 836190541 prime?
False
Is 28830254087 a composite number?
False
Is 869789209 a composite number?
False
Is 113274966097 a composite number?
False
Is 2176502287 composite?
True
Is 2726352191 a prime number?
True
Is 592829954 a prime number?
False
Is 38581901 a prime number?
True
Is 95550967 prime?
False
Is 8712344021 a prime number?
True
Is 1772697439 a prime number?
False
Is 4191232783 composite?
False
Is 68235544681 a composite number?
False
Is 286205341 prime?
False
Is 1664194349 composite?
True
Is 3803916947 a composite number?
False
Is 99020225099 composite?
False
Is 31734833563 a composite number?
False
Is 86315921029 a composite number?
True
Is 39719063617 a composite number?
False
Is 14672276341 prime?
True
Is 120624881327 a composite number?
False
Is 52836023 composite?
False
Is 2630170813 composite?
True
Is 9072214693 composite?
False
Is 102675104591 a composite number?
False
Is 9532502923 prime?
True
Is 36936041 a composite number?
False
Is 8114492081 prime?
False
Is 23625926377 a prime number?
True
Is 1168519223 prime?
True
Is 155447077 a prime number?
False
Is 1321117529 prime?
False
Is 1172467981 a prime number?
False
Is 2264252747 prime?
True
Is 970573399 a prime number?
True
Is 12933768121 composite?
False
Is 41375188069 prime?
True
Is 281248781159 prime?
True
Is 1473580679 composite?
False
Is 19115279 composite?
False
Is 17054789339 a composite number?
True
Is 11372285081 a composite number?
False
Is 1128835679 a composite number?
False
Is 93491955539 composite?
False
Is 662944267 a prime number?
True
Is 141519931001 prime?
True
Is 4551674009 a prime number?
True
Is 2502396373 a composite number?
True
Is 2845358993 a composite number?
False
Is 5928862507 a composite number?
False
Is 341908673 a composite number?
True
Is 1459124963 prime?
True
Is 398636879 a prime number?
True
Is 1198363571 a composite number?
False
Is 772319521 prime?
False
Is 4937171069 a composite number?
False
Is 3701896633 a composite number?
False
Is 4714484587 a prime number?
False
Is 1197185291 prime?
True
Is 13096246129 prime?
False
Is 1577901109 prime?
True
Is 1316253383 prime?
True
Is 392215646 a prime number?
False
Is 745179311 composite?
True
Is 38539317049 a composite number?
True
Is 50063687813 a composite number?
False
Is 3013623689 a composite number?
False
Is 355655263 a prime number?
True
Is 5830420649 a composite number?
False
Is 179321461379 prime?
True
Is 7402323869 a prime number?
False
Is 3850295005 a composite number?
True
Is 14028874661 composite?
False
Is 17268971891 a prime number?
True
Is 12549371 composite?
False
Is 2791457831 composite?
True
Is 934194647 a composite number?
False
Is 21048499007 a composite number?
False
Is 1400209747 prime?
True
Is 19706236313 a composite number?
False
Is 773418871 a prime number?
False
Is 11114485817 a prime number?
False
Is 560489723 a prime number?
False
Is 8741342261 a prime number?
False
Is 1097250631 prime?
True
Is 7794831251 prime?
False
Is 1959054257 prime?
True
Is 160735870147 a prime number?
True
Is 230499739 a prime number?
True
Is 2380009669 a composite number?
False
Is 192185297 a composite number?
True
Is 246170981 a prime number?
False
Is 132208700095 a prime number?
False
Is 73748317 prime?
False
Is 4538415989 a composite number?
True
Is 145794877 a prime number?
False
Is 13342524853 prime?
False
Is 12476435737 a composite number?
True
Is 64530776389 a composite number?
False
Is 2296377931 a composite number?
False
Is 13430983583 a prime number?
False
Is 1294498379 composite?
False
Is 106579512733 a composite number?
False
Is 724496501 prime?
True
Is 385760983 a composite number?
False
Is 5626832758 prime?
False
Is 11642338129 prime?
True
Is 8784908963 a composite number?
False
Is 12661261 prime?
True
Is 537151937 a composite number?
True
Is 307094147 composite?
False
Is 7781534557 a composite number?
True
Is 599995523 prime?
True
Is 51019309709 prime?
True
Is 8289154507 prime?
False
Is 4896291041 a composite number?
False
Is 18958721161 a composite number?
False
Is 33093344329 a composite number?
False
Is 51194342438 a composite number?
True
Is 18089211961 a prime number?
False
Is 859788023 prime?
False
Is 5140831147 a composite number?
False
Is 126682013 a prime number?
True
Is 16042015009 prime?
True
Is 42070581719 prime?
True
Is 8757758767 prime?
True
Is 9724870477 a composite number?
True
Is 910648682447 a prime number?
False
Is 767535281 composite?
False
Is 92725889 prime?
False
Is 993605301163 a prime number?
True
Is 3825099991 a prime number?
False
Is 6027699581 a composite number?
False
Is 73870511037 a composite number?
True
Is 130774702103 a composite number?
False
Is 6883149423 prime?
False
Is 45184023389 composite?
False
Is 6445569451 a prime number?
False
Is 5939014993 prime?
True
Is 2507155471 composite?
Fal